0 and k?
10
Let a(v) = -6*v - 4. Suppose -2*y + 12 = -0*y. Let p be a(y). Let g be (p/(-12))/((-2)/(-72)). What is the greatest common divisor of g and 15?
15
Let h = -15 - -31. Suppose 61 = -5*q + 11. Let c = h + q. What is the highest common divisor of 48 and c?
6
Let z(p) be the third derivative of -p**6/60 + p**5/60 - p**4/24 + 7*p**2. Let u be z(-2). Calculate the greatest common divisor of 55 and u.
11
Suppose 4*n = -0*n + 532. Let u = -29 + 48. Calculate the greatest common divisor of n and u.
19
Let v be 8/(-52) - 353/(-13). What is the greatest common divisor of 3 and v?
3
Let x = -23 + 34. Let u = 9 + x. Calculate the highest common divisor of 60 and u.
20
Let z = 1 - -3. Suppose -z*g + 228 = -120. Let h = 1 + g. What is the greatest common factor of 11 and h?
11
Let f be (-9)/(-4)*240/18. Let r be 1/(-2 - (-63)/f). Calculate the highest common divisor of 40 and r.
10
Suppose -4*a + 3*x + 36 = 0, 5*a = x + 2*x + 42. Calculate the greatest common factor of 48 and a.
6
Suppose 3*v - 4*s - 164 = 0, -4*v + 3*v + 2*s + 54 = 0. Suppose -4*p = -3*k - k + v, 5*k - 65 = 4*p. Calculate the greatest common factor of k and 27.
9
Suppose 3*v - 3*k - 129 = -0*k, 183 = 5*v + 3*k. What is the highest common divisor of 273 and v?
39
Suppose -j - 72 = 3*j. Let d be ((-3)/(-2))/(j/(-240)). Calculate the greatest common factor of 50 and d.
10
Let u = 13 - 11. Suppose -u*i - 13 = -37. What is the highest common divisor of i and 6?
6
Let t be (-3)/(5 + -2)*-105. Calculate the greatest common factor of t and 15.
15
Suppose -v + 5*v = 56. Suppose -2*m = d - 4, 2*m - 4*d = -0 + v. What is the greatest common factor of m and 6?
3
Let l(z) = -35*z**2 - 11*z + 2. Let o(d) = -18*d**2 - 6*d + 1. Let r(t) = -6*l(t) + 11*o(t). Let j be r(-1). What is the greatest common divisor of j and 55?
11
Let z(b) = 4*b - 2. Let f be z(2). Let m = -11 + f. Let l = m + 7. Calculate the highest common factor of 22 and l.
2
Let d = -23 + 35. What is the highest common factor of 24 and d?
12
Suppose -133 = -3*w - 2*m, 5*w + 6 - 215 = 3*m. Calculate the highest common factor of 172 and w.
43
Let o be (-14)/(-3) + (4/6)/2. What is the greatest common divisor of 15 and o?
5
Let h = -156 - -157. Calculate the greatest common factor of h and 1.
1
Let n(f) = -47*f + 1. Let u be n(-1). Let l be 2 - (-4 + 1/1 - 3). What is the greatest common divisor of u and l?
8
Let t be (-4)/(-6) + (-634)/6. Let w = 220 + t. What is the highest common divisor of 23 and w?
23
Let v(q) = -8*q - 1. Let h be v(-2). Let p be h/((-1)/(-7) - 0). Calculate the highest common factor of p and 21.
21
Suppose -2 - 2 = -r. Let b be (154/(-21))/(r/(-6)). What is the greatest common divisor of 55 and b?
11
Let o be 2/(-3)*((-171)/18 - -8). Let k = -10 + 17. What is the highest common divisor of o and k?
1
Let h = -271 + 451. What is the greatest common divisor of h and 20?
20
Let p = -4 - -6. Let j be p + 0 + -1 - -14. Suppose 4*l - k - 48 = 132, -l = -2*k - 45. Calculate the highest common divisor of j and l.
15
Let x(l) = -5*l - l**2 + 0*l**2 + 4 - 9 - l. Let n be x(-4). Calculate the greatest common divisor of n and 33.
3
Suppose 0 = 2*v + 3*v - 5. Let t(q) = 2 + 63*q**2 + 35*q**2 - 3 + 2*q + 0. Let x be t(v). Calculate the greatest common factor of x and 9.
9
Let v(a) = a**2 - 4*a - 1. Let r(i) = -i + 4. Let s be r(7). Let n be v(s). Suppose 6*q = 2*q + n. What is the highest common factor of 2 and q?
1
Suppose -s + 2*s - 10 = 0. Let v be (s - 4)*(-1)/(-3). What is the greatest common factor of 1 and v?
1
Let q(z) = -4*z - 5. Let x be q(-4). Calculate the greatest common factor of 11 and x.
11
Let l = 457 + -324. Calculate the greatest common factor of 19 and l.
19
Let f = 60 + -42. What is the highest common factor of f and 12?
6
Let o(m) = m**2 - m. Let n be o(3). What is the highest common factor of n and 18?
6
Let d be (-56)/(-3) - 2/(-6). Let j = d + -13. What is the highest common divisor of 12 and j?
6
Suppose -d + 14 = -f, 2*d + 0*d - 5*f - 43 = 0. Let y(t) = -2 + 0*t**3 + 0*t + t**3 - t - 4*t**2. Let i be y(5). What is the greatest common divisor of d and i?
9
Suppose r = -4*r + 170. Suppose 2*s + 17 = 3*s. Calculate the highest common factor of r and s.
17
Suppose -3*s + 3 + 9 = 0. Let o be -6*(1 - (-8)/(-6)). Calculate the greatest common factor of s and o.
2
Let n(q) = -2*q**3 + 14*q**2 + 2*q - 5. Let w be n(7). What is the highest common divisor of 6 and w?
3
Suppose 0 = 2*l - 0*l + 5*h - 512, l - 265 = 2*h. Calculate the greatest common factor of l and 29.
29
Let u be (-1)/(-1 - 2/(-3)). Let y(f) = -2*f**2 + 4*f**2 - 4 - 3*f + f. Let m be y(u). Calculate the highest common divisor of m and 8.
8
Suppose 0*d = 5*d - 10. Suppose 6*c = x + c - 69, -d*x = -c - 129. Calculate the greatest common factor of 16 and x.
16
Let s = -1 + 4. Suppose -2*b - 2*b + 84 = 0. Calculate the greatest common factor of s and b.
3
Suppose -a + 5*g + 58 = 0, 0 = -4*a - 6*g + 4*g + 166. Suppose 2 + a = -3*c. Let m be (-910)/c - (-4)/(-6). Calculate the highest common factor of m and 15.
15
Suppose 4*u - 702 = -5*u. Suppose 0*p - 156 = -3*p. What is the highest common factor of p and u?
26
Suppose 0 = 3*s + s - 60. Let d(y) = 6*y**2 + 4*y - 7. Let o be d(5). Suppose 5*q = 512 + o. Calculate the highest common divisor of s and q.
15
Let n(m) = -m**3 + 13*m**2 - 27*m - 9. Let g be n(10). What is the highest common factor of g and 189?
21
Suppose -5 = h + 5*d, 15 = -0*d - 3*d. Let k = -13 + h. What is the highest common factor of k and 7?
7
Let s(f) = f - 3. Suppose 3*g + 2*v = -9 - 18, 0 = -3*v. Let t be s(g). Let b be t/(-5)*(-10)/(-3). What is the greatest common factor of b and 24?
8
Suppose -r = -2*r - 3. Let k = 7 - r. Calculate the greatest common factor of k and 4.
2
Let t = 21 - 1. Suppose -t = -2*m + m. What is the greatest common factor of 4 and m?
4
Let k(l) = 6*l - 5. Let g be k(-5). Let n be (-6)/(g/8 + 4). Let v = -6 - -22. What is the greatest common divisor of v and n?
16
Suppose 0*u = 5*u - 40. Calculate the highest common divisor of u and 32.
8
Let p = 4 - -6. Let f be (66/(-15))/((-4)/p). What is the highest common factor of 99 and f?
11
Suppose 4*w + 256 = 4*v, -3*v - 3*w + 192 = 2*w. Let g = 17 + -9. What is the greatest common divisor of v and g?
8
Let f be -5*1 - (-21 + -23). Calculate the greatest common factor of 26 and f.
13
Suppose -p + 11 + 61 = 0. What is the highest common divisor of p and 36?
36
Let b = 71 - -5. Let c be 2*1*57/6. Calculate the greatest common factor of c and b.
19
Suppose 4*r = -2*w - w + 141, 2*r - w - 83 = 0. What is the greatest common factor of r and 13?
13
Let b(i) be the third derivative of i**5/20 - i**4/12 - i**2. Let t = -7 - -13. Let a be b(t). What is the highest common divisor of a and 12?
12
Let v(u) be the third derivative of u**4/24 + 2*u**3/3 - u**2. Let s be v(6). Calculate the highest common divisor of s and 70.
10
Suppose 2*f - 31 = -v + 16, 2*f - 4*v - 62 = 0. Suppose w - 6*w = -f, 2*s = 4*w + 2. Calculate the greatest common factor of s and 55.
11
Let k = -5 + 0. Let u = 15 + k. What is the highest common factor of u and 90?
10
Let m = -1 - -5. Suppose m*r - 139 = -x, -x + 5*x + 158 = 5*r. What is the greatest common factor of r and 17?
17
Suppose 4*b = b + 15. Suppose -u + b*u = 128. Suppose 5*i = i + 320. Calculate the highest common factor of u and i.
16
Let u(i) = i - 4. Let g be u(8). Let c be 2 + (g + -3)*1. Suppose -261 = -5*x - c*o, 3*x - 3*o = -5*o + 156. What is the highest common factor of 36 and x?
18
Let m(n) = n**2 - 3*n + 22. Let p be m(7). What is the highest common divisor of p and 5?
5
Suppose -2*t + 10 = 2*r, -2*r + 2*t = r + 10. Suppose h = 0, 2*v + 4 = -r*h + h. Let k = v + 8. What is the highest common divisor of 24 and k?
6
Let n = 2 + -2. Suppose -4*a + 72 = -n*a. What is the greatest common divisor of 90 and a?
18
Let b(j) = -j**3 - 2*j + 153. Let l be b(0). Calculate the highest common divisor of l and 17.
17
Let p(a) = a**3 - 7*a**2 + a + 5. Let y be p(5). Let u(i) = 75*i**2 + i + 1. Let h be u(-1). Let o = h + y. Calculate the highest common factor of 7 and o.
7
Suppose f = m + 10, -2*f + f - 5*m + 34 = 0. Calculate the greatest common divisor of f and 112.
14
Suppose -5*k - v = -105, k - 4*k = v - 65. Suppose 0*l - 4*l + 2*n +